 = m - 11. Let q(j) = -j - 4. What is q(i)?
-1
Let j(m) be the second derivative of m**5/20 - m**4/4 - m**3/2 + m**2/2 + 10*m. Calculate j(4).
5
Let h(k) = 2*k - 8. Let i be h(5). Let l(z) be the second derivative of -1/3*z**3 + 0 + 9/2*z**i + 4*z. Give l(6).
-3
Suppose 2*l = 3*l - 5. Let g(k) = 4 - 3*k - 1 + k. Give g(l).
-7
Let c(u) be the first derivative of -u**4/4 + 4*u**3/3 - 2*u**2 + 3*u + 6. Let b = 10 - 7. Suppose 6 = -2*j + 3*z, 0 = 6*j - 2*j + b*z - 24. Give c(j).
0
Let o(p) = -p**2 - 7*p - 5. Let i(x) = -2*x**2 + 22*x - 7. Let l be i(11). Determine o(l).
-5
Let z(c) = -c + 4. Let k be z(4). Let t(g) = g**2 - g. Calculate t(k).
0
Let s(p) = p + 7. Let n(r) = r**2 + 2*r. Let j be n(-3). Suppose 5*v = j*o - 1, o + 4*o - 23 = 3*v. Suppose o*t = 2*t. Determine s(t).
7
Let m(i) = -i - 12. Let s be m(-9). Let v(h) = 5*h + 2. Let d(u) = 5*u + 3. Let l(q) = s*v(q) + 2*d(q). Determine l(2).
-10
Let g(y) = -5*y - 12. Let n(j) = 4*j + 12. Let p(i) = 3*g(i) + 4*n(i). Calculate p(-9).
3
Let r(a) be the third derivative of a**4/24 + a**3/2 + 51*a**2. Determine r(-5).
-2
Let t = 1 + -1. Suppose 0 = -l - t*l + 11. Let p(w) = -10*w**3 + w + 3*w + 5*w**2 + 1 + l*w**3. Give p(-3).
7
Let p(q) = 10*q**2 - 2*q - 1. Suppose -5*n + j + j - 5 = 0, -2*n - 5*j = 2. What is p(n)?
11
Let x(z) = z**2 + 2*z - 1. Let j be ((-2)/6)/(6/36). Let s(w) = -5*w. Let n(f) = 26*f - 1. Let k(m) = -2*n(m) - 11*s(m). Let c be k(j). Determine x(c).
7
Let v(h) = -h**2 + 5*h + 3. Suppose -4*b + 24 = -4. Suppose 4*s = 39 - b. Suppose 10*k - 8*k = s. Calculate v(k).
7
Let l(z) = 4*z**2 - 2*z + z - z**2 - 2*z**2 - 6. Suppose 2*j + 0*d = -d + 5, -3*j - 2*d = -10. Give l(j).
-6
Let y(n) = -n**2 - 4*n + 1. Let b(s) = -3*s - 9. Let j(h) = 2*h + 6. Let w(i) = 5*b(i) + 7*j(i). Let m = -2 - -2. Let x be w(m). Give y(x).
4
Let s(n) be the first derivative of -1 + n**2 - 4/3*n**3 + n + 1/4*n**4. Suppose 2*m = 3*z + 17, -4*z = z + 15. What is s(m)?
9
Let x(w) = 2*w. Let i(o) = -o**3 + 8. Let d be i(0). Let k = d + -13. Give x(k).
-10
Let m(g) = -17 - 12 + 31 + 3*g. Calculate m(-4).
-10
Let l be 215/45 + 4/18. Let d = l - 2. Suppose -6 = -z + d*z. Let k(o) = o + 1. Determine k(z).
-2
Let a(q) be the third derivative of 0 + 1/24*q**4 + 6*q**2 + 0*q + 1/2*q**3. Determine a(-4).
-1
Let m(y) = -y**3 - 5*y**2 - 7*y - 10. Let v be m(-4). Let p(h) = -7*h + 3*h + 0*h - 4 - 2*h - h**v. What is p(-4)?
4
Let k be 1*-3*2/(-2). Let o = 7 + -3. Let x(u) = -o*u**2 - u**3 + 2*u**3 - 2 + 0 + u. Give x(k).
-8
Suppose -4*u = -3*u - 3. Let x(b) = b**u - b - 2*b**3 + 4 + 5*b**3 - 5. Give x(-1).
-4
Suppose a = -4*a + 10. Let g(u) = -2*u - 4. Let y be g(-3). Let p(z) = 3*z**2 - 3*z**y + 3 + z**a + 4*z. Give p(-3).
0
Let q(k) be the first derivative of 9*k**4/4 + k**3/3 - 3*k**2/2 + k - 9. Suppose -u - 3 = -2. Let x(s) = -s**3 + s. Let t(h) = u*q(h) - 5*x(h). Give t(-1).
4
Let v(k) = k - 4. Let n be v(6). Let q(p) = -n*p - 1 - 2*p - p**2 + 3 + 5*p. Determine q(2).
0
Let d(b) = -4 + b**3 - 4*b + b**2 + 3*b + 5*b**2 - 2*b**2. Determine d(-3).
8
Let r be 2/(-8) - (-1065)/(-60). Let n = -20 - r. Let o(p) = 2*p**3 + 3*p**2 + p - 1. Calculate o(n).
-7
Let w(o) = o + 4 + 0*o - 5. Suppose 2*a + 12 = 2*r, -7 = a - 2*r + 4. Give w(a).
-2
Let v(c) = 8*c**3 + 2*c**2 - 1. Let l = -1 + 2. Let z be 22/5 - (-6)/(-15). Suppose -5*y + 15 = 4*m, 0 = z*y - 0*m + m - l. What is v(y)?
-7
Let i(g) be the first derivative of -g**3/3 - g**2 + 3*g + 7. Let t = 4 + -7. Give i(t).
0
Let q(d) = -d + 7. Suppose -4*v - 4*r = 20, 2*v - 2*r + 10 = -0*r. Calculate q(v).
12
Let u(n) = 3*n + 13. Let y be u(-5). Suppose 3*h + 6 = -3*o, 2*o + 0*h = -h. Let f(r) = 1 + 2*r - r**o + 0*r**2 - r. Give f(y).
-5
Let q be (-1)/(0 - 4/12). Suppose 2*h = q*k - 2*h, -5*k = h + 23. Let u(m) = 2*m**2 + 6*m + 2. Calculate u(k).
10
Let o = -60 - -56. Let a(g) = g**3 + 3*g**2 - 4*g - 4. Determine a(o).
-4
Let q = 28 + -25. Let c(s) = s**3 - 4*s**2 + 3*s - 3. What is c(q)?
-3
Let h(d) = -81*d**2 - 33*d + 33. Let j(v) = -10*v**2 - 4*v + 4. Let i(g) = 4*h(g) - 33*j(g). Determine i(1).
6
Let d(i) be the third derivative of i**8/6720 - i**7/630 + i**6/240 - i**5/30 - i**4/6 + i**2. Let q(g) be the second derivative of d(g). Determine q(3).
-4
Suppose -5*h + 41 = -119. Suppose -6*t = -3*t + 5*p + 34, -4*t = 4*p + h. Let q(g) = -g**2 + 1. Determine q(t).
-8
Let f(c) = -c**3 - 4*c**2 - 3*c - 3. Let k be 3/9 + (-23)/(-3). Let t = -5 - -8. Suppose -t*j + 12 = 0, 3*g = k*g + j + 6. Determine f(g).
-5
Let k(h) = -8*h - 44. Let a be k(-5). Let l(t) = t**3 + 3*t**2 - 6*t - 6. Determine l(a).
2
Let y(t) = t - 3 + 5*t**2 + 1 + 1. Suppose 3*a - 6*f = -4*f - 8, 4*a - 4*f = -12. Let j be (0 - a)/((-4)/(-2)). Calculate y(j).
5
Let m(w) = -3*w**3 - w**2 + w - 6. Let l be m(0). Let h(u) = -u**3 - 5*u**2 + 4*u + 7. What is h(l)?
19
Suppose 2*b = 5*b - 6. Let i(d) = -3*d**2 - 1. What is i(b)?
-13
Let y(z) = 0*z + 4*z - 2*z - 3 - 3*z. Determine y(-3).
0
Let c(v) = 5*v - 1. Let r(u) = 6*u - 1. Let o(s) = -5*c(s) + 4*r(s). Let n(b) = -5*b + 8. Let w = 3 + -7. Let m(g) = w*o(g) + n(g). What is m(5)?
-1
Let m(c) = -121*c**2 + 4*c**3 + 1 - 3*c**3 + 120*c**2. Calculate m(0).
1
Let l(p) be the second derivative of p**6/180 - p**5/120 + p**4/4 - 4*p. Let x(w) be the third derivative of l(w). Calculate x(-1).
-5
Suppose -5*q + 3 = n - 8, -2*q - n = -2. Let b(d) = -d**3 + 2*d**2 - 2*d + 4. Calculate b(q).
-11
Let o be (-8)/20*(-15)/1. Let w be 20/o*(-3)/2. Let u(d) = d + 10. Calculate u(w).
5
Suppose n + 5 = -4*n. Let i(u) be the first derivative of 5*u**2/2 + u - 43. Calculate i(n).
-4
Let l(q) = q**2 - 1. Let r(f) = -f**2 + 3. Let i(o) = 2*l(o) + r(o). Let k be -3 + ((-9)/1)/(-3). Let d be 0 + (-5 - (k + -3)). What is i(d)?
5
Let u = 20 - 14. Let k be 3 + (3/(-1) - 0). Suppose 0 = -k*d + 2*d - u. Let c(t) = -t**3 + 4*t**2 - 5*t + 3. What is c(d)?
-3
Let c(a) = 0*a + 2*a**2 - a**2 + 4 - 3*a - 1 + a**3. Suppose d - 3*d = 6. Give c(d).
-6
Let h(l) = -l**2 - 5*l - 6. Let u be (-85)/20 + 1/4. Determine h(u).
-2
Suppose 1 = -3*z - 5. Let a = z - -2. Let g(m) = -m**2 + m + 9. What is g(a)?
9
Suppose 1 - 4 = 4*z + m, 4*z = 2*m + 6. Suppose f = -z*f. Let t(n) = -n - 10 + 1 - n**2 + 6. What is t(f)?
-3
Let b(x) be the third derivative of x**4/24 + 2*x**3/3 + x**2. Let g(j) = -j - 4. Let o be g(-5). Let i be (12/o)/(-3) - -1. Give b(i).
1
Let n(o) = -8*o + 1. Let w be (12/(-6))/(2/1). Determine n(w).
9
Let t(b) be the second derivative of b**3/6 - b. Let m(i) = -i + 2. Let s be m(-2). Determine t(s).
4
Let u(a) be the first derivative of a**4/24 + 7*a**3/6 - 5*a**2/2 - 2. Let w(q) be the second derivative of u(q). Determine w(-5).
2
Let j(n) = -n**3 - 4*n**2 - 4*n + 1. Let v be (-1*(-8)/(-6))/(39/117). What is j(v)?
17
Let x(w) = 10 + 3*w - 4 - 3 - 6 - w**2. Determine x(5).
-13
Suppose -3 - 7 = -5*s + 3*b, 0 = s - 5*b - 2. Suppose 2*i + 4*g = -s, 0*g = i - 2*g + 5. Let q(j) = -2*j**2 - 3*j + 1. Calculate q(i).
-8
Suppose -3*j = -3*f - 6, -9*f = -4*j - 11*f - 4. Let k(x) = x**3 + x**2 - 1. Give k(j).
-1
Let p(b) = b**2 + 8*b + 4. Let c(o) = o + 2. Let s be c(-7). What is p(s)?
-11
Let m(b) = b - b + b + 0. Suppose -3*w - w + 60 = 0. Suppose 3*n + w = -3*g, 4*g - 10 = n - 30. Calculate m(n).
0
Let o(l) = 21*l**3 - 26*l**3 + l - l. Let w(u) = -u**2 - 3*u - 3. Let q be w(-2). Give o(q).
5
Suppose -5*j + 17 = -8. Let b(p) = -j - p - 5*p**3 + 3*p**3 + p**3 + p**2. Calculate b(0).
-5
Let i(v) be the second derivative of 2*v + 0*v**2 + 2/3*v**3 + 0 - 1/12*v**4. Suppose -2*k + 17 = -3*c, -1 = 2*k + 4*c + 3. Give i(k).
0
Let v(g) = g + 6. Let d be v(0). Let t(s) = -209788*s + 209788*s + s**3 - 3 - 6*s**2. Calculate t(d).
-3
Let k(n) = -n**3 + 5*n**2 - n - 4. Let u be (-8)/(-8)*(1 + 2). Give k(u).
11
Let r(s) be the second derivative of 1/12*s**4 - 1/2*s**3 + 0 - s + s**2. Let p(u) = u**2 - 5*u + 3. Let h be p(5). Calculate r(h).
2
Let f(i) = -i**2 - 10*i - 13. Let y = -3 + -6. Let n be f(y). Let z(t) = -t - 1. Calculate z(n).
3
Let z(t) be the second derivative of 0 + 1/12*t**4 - 2*t**2 - t - 5/6*t**3. What is z(5)?
-4
Let j(x) be the first derivative of -2*x**5/15 - x**4/24 + x**2/2 + 2. Let s(y) be the second derivative of j(y). Determine s(1).
-9
Let m(r) = -2*r**2 - r + 17. Let w(n) be the second derivative of -n